1 - 52931*z - 1. Calculate o(y).
-5
Let p(q) = -3*q**3 - 6*q**2 + 2*q**3 - q**2 + 300332*q - 1 + 2 - 300337*q. Suppose 4*j - 3*j + 6 = 0. What is p(j)?
-5
Let g(j) be the third derivative of -j**5/15 - j**4/8 - j**3/2 + 24*j**2. Let q be (6/3 - 2) + 4. Suppose q = -0*u - 2*u. Give g(u).
-13
Let c(i) be the third derivative of -i**6/120 + i**5/60 + i**4/6 + i**3/6 - 4879*i**2. What is c(-2)?
5
Let q(t) be the second derivative of -t**4/4 + 7*t**3/6 - 3*t**2 - 16*t. Let d be q(2). Let l(m) = -189*m**2 - 5 + 3*m + 191*m**2 + m. Determine l(d).
11
Suppose 3*h = -147*a + 145*a + 5, 5*h = -2*a + 11. Let y(q) = -2*q. Determine y(h).
-6
Let f(o) = 30*o + o**3 - 30*o - 63*o - 20*o - 7 - 5*o**2. Calculate f(12).
5
Suppose 2*n + h = 10, -3*n + 3*h + 9 + 24 = 0. Let k(q) be the second derivative of -q**3/6 + 11*q**2/2 + q - 912. Determine k(n).
4
Let t(r) = 11*r**2. Let l be 2 + (0 - 4) + 1*6. Suppose -5*i - 2*b - 3 = -2, 0 = -2*i - l*b - 10. What is t(i)?
11
Let v(p) = -17*p + 11. Suppose 2*r - 5*b - 39 + 5 = 0, 3*b = 4*r - 26. What is v(r)?
-23
Suppose 3*m = -4*r - 14 + 70, 0 = -r - 5*m - 3. Let y(u) = -r - 14*u + 20*u - 4 - 9 + 9. Calculate y(5).
9
Let h(d) = 9*d + 4. Let z(c) = 18*c + 8. Let n(b) = 9*h(b) - 4*z(b). Let g(m) = -7*m - 5. Let a(r) = 4*g(r) + 3*n(r). Calculate a(-6).
-2
Let u(l) be the third derivative of l**6/120 - l**5/60 + l**4/4 + 35*l**3/6 + 139*l**2 + 26. Give u(0).
35
Suppose 5*j - 20 - 2 = -2*y, -11 = -2*j - 3*y. Let o(v) = 13 - 37 - j*v + 13. What is o(-6)?
13
Let l(g) = 3*g - 3. Let w be l(2). Let j(x) be the second derivative of x**5/20 - x**4/12 - x**3/3 + x**2 + 3*x - 11420. Calculate j(w).
14
Let q(h) be the third derivative of h**6/120 - h**5/6 - 13*h**4/24 + 25*h**3/6 - h**2 - 94*h. Calculate q(11).
3
Let a(w) be the first derivative of -w**4/4 - w**3 + 11*w**2/2 + 26*w - 10997. What is a(-2)?
0
Let q(c) = 2*c**2 + 1. Let o(v) = -8*v - 16. Let g(s) = -1. Let j(i) = -2*g(i) - o(i). Let u be j(-11). Let w = u - -71. Determine q(w).
3
Let g(b) be the first derivative of 3*b**2 + 13*b - 4218. Give g(10).
73
Let j be 3/4 - (-75)/(-4). Let u be (-5)/20*j*2. Let t(q) = -2*q**2 + 9*q - 10. Let d(c) = c**2 + c - 1. Let w(m) = d(m) + t(m). What is w(u)?
-2
Suppose 1316*k = 1315*k - 3*p - 19, -62 = 4*k + 5*p. Let j(o) = o**3 + 13*o**2 - o + 14. Determine j(k).
27
Suppose -11*s = -12*s - 2*z - 28, 0 = 3*z + 12. Let c(u) = -2*u - 38. Give c(s).
2
Let g(f) be the third derivative of f**6/720 - 13*f**5/120 + 197*f**4/24 - 67*f**2. Let x(j) be the second derivative of g(j). Give x(15).
2
Let q be (2 - 1)*0*(-8)/80. Let a(f) = f**2 - f - 12. Let y be a(q). Let g(h) = h**2 + 13*h + 6. What is g(y)?
-6
Let m(o) = 6*o + 5. Let i = -348 - -350. Determine m(i).
17
Let o = 396 - 391. Suppose -n - 6 + 8 = -2*z, -2*z - 10 = -o*n. Let w(d) = d**2 + d - 1. Give w(z).
-1
Let a(f) = 2*f**2 - 11*f - 9. Let m be (-88)/(-10) - (-168)/(-60). Give a(m).
-3
Let d(l) = -6 - 36*l + 54*l + 6 - 13 - 29*l. Calculate d(-7).
64
Suppose -8*h + 3 = -5. Let x(f) = -4*f - 9*f + 21*f. Determine x(h).
8
Suppose 4*z - 2*z + 2 = 0. Let t(h) = -h**2 + h + 1. Let p(a) = 25*a**3 - 4*a**2 + 4*a + 1. Let g(x) = z*p(x) + 2*t(x). Let v = -727 + 728. Calculate g(v).
-24
Let f(o) be the second derivative of o**5/10 + o**4 - 11*o**3/6 + 21*o**2/2 + 24*o - 87. Give f(-7).
0
Let s = -78 - -80. Suppose -5*a = -s*j, 0*j - 3*j + 3*a = 0. Suppose j = v - 10*v. Let c(x) = x**2 - x + 6. Calculate c(v).
6
Let f = 231 + -223. Let p(g) = -f*g**3 + 28*g**3 + 2 - 8*g**2 + 10*g - 21*g**3. What is p(-9)?
-7
Let g(c) = -8 - 21 - 6*c + 1. Let j be g(-5). Let t(r) = -11*r + 8*r + j*r + 5. What is t(6)?
-1
Let u(j) = 25 + 16 - 31 + 6*j - 37. Give u(7).
15
Let s = 7280 - 7279. Let k(f) be the second derivative of f**3/2 - f**2/2 - 7*f. What is k(s)?
2
Let z(o) = -18*o**3 - o**2 - 2*o + 4. Suppose 705*s - 620 - 930 = -140. Determine z(s).
-148
Let m = -34 - -320. Let v(p) = 3*p - 14*p - 1 + m*p**2 - 284*p**2 - 13. What is v(6)?
-8
Let g(d) = 344 - 1421 + 219 - 18*d + 369. Calculate g(-27).
-3
Let j = -3799 + 3805. Let w(i) = i**2 + 2*i - 12. Determine w(j).
36
Let o(f) be the third derivative of f**4/8 - 7*f**3/6 + 2*f**2 + 4*f - 39. Suppose 2*v + 27 = 5*l, 0 = -l + 2*v + 2*v - 9. Give o(l).
14
Let r(m) = -19*m + 8. Let n(y) = 10*y - 2. Let j(o) = -3*n(o) - r(o). Give j(3).
-35
Let n(b) = -b**3 + 11*b - 14*b + 0 + 9 + 6*b. Determine n(-3).
27
Let l(g) be the second derivative of -g**4/12 + 5*g**3/3 - 3*g**2/2 - 40*g - 2. Let q be (24/7)/(1/7). Let f be (q/42)/((-3)/(-42)). What is l(f)?
13
Let t(b) be the third derivative of -b**5/60 + b**4/24 - b**3/3 + 33369*b**2. Let q = -7 - -11. Suppose 0 = -0*p + q*p. Determine t(p).
-2
Let z be 10/(-2)*(-264)/5. Suppose z = -16*o + 104. Let t(g) = -g - 6. Give t(o).
4
Suppose 3*c - 104 = 5*i, 42 = c - 3*i + 2. Let n = -42 + c. Let z = n - -20. Let g(x) = -x**3 + 6*x**2 - x - 5. Give g(z).
-11
Let h(s) = -4*s - 9. Let c(r) = r**3 - 7*r**2 - 8*r - 5. Let d be c(8). Let w(o) = 3*o + 9. Let b(t) = d*w(t) - 4*h(t). Let k = -6183 - -6194. Give b(k).
2
Let t be (-32 - -2)*(-12)/(-396)*11. Let j(u) = 9*u + 75. Give j(t).
-15
Let j be 5 - 12/((-672)/(-196)). Let r(y) be the second derivative of -y + j*y**3 + 1/2*y**2 - 2 + 1/12*y**4. What is r(-8)?
-7
Let n be ((-3)/(-2))/((-3)/(-6)). Let i(a) = 3*a**2 - 8 - a**n - a + 0*a**3 - 4*a**2. Let v be (1 - 1)*(-182)/1638. What is i(v)?
-8
Let q(x) = -3*x - 2. Let s be q(-5). Suppose -6 = -s*m + 10*m, 0 = 2*y + 2*m - 12. Let t(v) = 4*v**2 - v**3 - 3 + 3 - 3. Calculate t(y).
-3
Suppose -o - 45*b = -40*b - 15, 3*o + 2*b + 20 = 0. Let p(u) = -5*u - 55. What is p(o)?
-5
Suppose -700*z - 455 = -791*z. Let d(b) be the second derivative of -7/2*b**2 + 0 + 0*b**3 - 5/12*b**4 + 1/20*b**5 + b. What is d(z)?
-7
Let a(p) be the second derivative of -5*p**2 + 11/12*p**4 + 4/3*p**3 - 19*p - 4 + 1/20*p**5. Determine a(-10).
10
Suppose 5*w - 29 = 3*w + 5*l, -19 = -2*w - 5*l. Suppose 10*r = w*r - 10. Let h(q) = -2*q + 1. Calculate h(r).
-9
Let i be (81/12 - 6)/(963/108 + -9). Let c(o) = 14*o - 24. Let t(r) = -5*r + 8. Let w(k) = -6*c(k) - 17*t(k). Determine w(i).
-1
Let l = 7 - 11. Let y(r) = -139*r**3 - 59*r**2 + r + 122. Let h(v) = -9*v**3 - 4*v**2 + 8. Let w(p) = 31*h(p) - 2*y(p). What is w(l)?
-20
Let n(x) = 3*x**2 - 4 + 3 + 3*x**2 - 7*x**2 + 9*x. Let m(j) = -j**2 + j + 1. Let v(r) = -2*m(r) + n(r). Let l = 28 - 36. What is v(l)?
5
Suppose 1693 - 15805 = -32*o. Let u = o + -445. Let f(s) = -s**3 - 4*s**2 + 6. Calculate f(u).
6
Let l be 9 - 1/2*(4 - -2). Let v(c) = -2*c**3 - 2*c**2 - 4*c - 2. Let k be v(-2). Suppose 4*t = l*t - k. Let u(b) = -b**2 + 6*b + 4. Give u(t).
-3
Let t(q) = q**2 - 23*q - 1. Let r(f) = f**2 - 16*f. Let o(a) = 4*r(a) - 3*t(a). Determine o(-2).
-3
Suppose -165*m + 149 = 31 - 212. Let a(c) = 2*c**3 - 13*c**2 + 21*c - 2. Determine a(m).
4
Let y(p) = p - 1. Let k be y(6). Let f(j) = -4*j**2 + 263*j**3 - 12*j - 262*j**3 + 1 + 6*j. Determine f(k).
-4
Let f(p) be the first derivative of -p**4/4 + 2*p**3 - p**2/2 - 2*p - 2. Let a = -25727 + 25732. Give f(a).
18
Let j(n) be the first derivative of -4*n**3 + 30*n**2 + 9*n - 3927. Give j(5).
9
Let k(y) be the third derivative of 1/3*y**4 + 0*y - 1/3*y**3 + 0 + 1/120*y**6 + 5*y**2 + 1/6*y**5. Let r = -10324 + 10315. What is k(r)?
7
Let z(k) = 2*k**2 + 26*k - 36. Let s be z(-14). Let c(p) = p**3 + 9*p**2 + 14*p + 19. Give c(s).
-29
Let n(b) = 40*b**2 + 288 - 14*b - 270 - 42*b**2. What is n(-9)?
-18
Let m(d) = -5 + 8 - 7*d + 2*d + 10*d. Let t(r) = r**2 + 14*r + 44. Let z be t(-10). Determine m(z).
23
Let b(t) = -t + 29. Let p(r) be the second derivative of -r**3/6 + 11*r**2 + 2*r - 72. Let x(l) = -6*b(l) + 7*p(l). What is x(-12)?
-8
Let y(q) = -5*q**3 + 13*q**2 + 32*q + 116. Let u(c) = 23*c**3 - 52*c**2 - 128*c - 463. Let x(i) = -2*u(i) - 9*y(i). Give x(-11).
-8
Suppose 3 = -3*g - 2*k, 5*g - k - 4 = 4. Let s(j) be the first derivative of 14/3*j**3 - j + 1/2*j**2 + 16. Determine s(g).
14
Let k(h) = 4*h**2 - 53*h - 681. Let c be k(-8). Let b(s) = -6*s + 3. Calculate b(c).
9
Suppose -20 = -178*d + 173*d. Suppose 5*f - d*a = -25, -2*f - 4*a - 17 = -7*a. Let z(q) = -11*q**3 - q**2 - 2*q - 1. Calculate z(f).
11
Let y(w) = -7*w**2 + 10. Let h be y(-2). Let m(n) = n**3 + 17*n**2 - 19*n